{"id":2494,"date":"2022-03-02T09:50:59","date_gmt":"2022-03-02T09:50:59","guid":{"rendered":"https:\/\/www.l-88.de\/?page_id=2494"},"modified":"2022-03-02T18:18:25","modified_gmt":"2022-03-02T18:18:25","slug":"intel-xeon-server","status":"publish","type":"page","link":"https:\/\/www.l-88.de\/?page_id=2494","title":{"rendered":"Intel XEON Server"},"content":{"rendered":"\t\t<div data-elementor-type=\"wp-page\" data-elementor-id=\"2494\" class=\"elementor elementor-2494\">\n\t\t\t\t\t\t\t\t\t<section class=\"elementor-section elementor-top-section elementor-element elementor-element-fed8f55 elementor-section-boxed elementor-section-height-default elementor-section-height-default wpr-particle-no wpr-jarallax-no wpr-parallax-no wpr-sticky-section-no\" data-id=\"fed8f55\" data-element_type=\"section\">\n\t\t\t\t\t\t<div class=\"elementor-container elementor-column-gap-default\">\n\t\t\t\t\t<div class=\"elementor-column elementor-col-100 elementor-top-column elementor-element elementor-element-c098b86\" data-id=\"c098b86\" data-element_type=\"column\">\n\t\t\t<div class=\"elementor-widget-wrap elementor-element-populated\">\n\t\t\t\t\t\t\t\t<div class=\"elementor-element elementor-element-76a499e elementor-widget elementor-widget-heading\" data-id=\"76a499e\" data-element_type=\"widget\" data-widget_type=\"heading.default\">\n\t\t\t\t<div class=\"elementor-widget-container\">\n\t\t\t<style>\/*! elementor - v3.7.8 - 02-10-2022 *\/\n.elementor-heading-title{padding:0;margin:0;line-height:1}.elementor-widget-heading .elementor-heading-title[class*=elementor-size-]>a{color:inherit;font-size:inherit;line-height:inherit}.elementor-widget-heading .elementor-heading-title.elementor-size-small{font-size:15px}.elementor-widget-heading .elementor-heading-title.elementor-size-medium{font-size:19px}.elementor-widget-heading .elementor-heading-title.elementor-size-large{font-size:29px}.elementor-widget-heading .elementor-heading-title.elementor-size-xl{font-size:39px}.elementor-widget-heading .elementor-heading-title.elementor-size-xxl{font-size:59px}<\/style><h4 class=\"elementor-heading-title elementor-size-default\">Intel XEON Server<\/h4>\t\t<\/div>\n\t\t\t\t<\/div>\n\t\t\t\t\t<\/div>\n\t\t<\/div>\n\t\t\t\t\t\t\t<\/div>\n\t\t<\/section>\n\t\t\t\t<section class=\"elementor-section elementor-top-section elementor-element elementor-element-09d572d elementor-section-boxed elementor-section-height-default elementor-section-height-default wpr-particle-no wpr-jarallax-no wpr-parallax-no wpr-sticky-section-no\" data-id=\"09d572d\" data-element_type=\"section\">\n\t\t\t\t\t\t<div class=\"elementor-container elementor-column-gap-default\">\n\t\t\t\t\t<div class=\"elementor-column elementor-col-100 elementor-top-column elementor-element elementor-element-828ec1b\" data-id=\"828ec1b\" data-element_type=\"column\">\n\t\t\t<div class=\"elementor-widget-wrap elementor-element-populated\">\n\t\t\t\t\t\t\t\t<div class=\"elementor-element elementor-element-9d7752e elementor-widget elementor-widget-text-editor\" data-id=\"9d7752e\" data-element_type=\"widget\" data-widget_type=\"text-editor.default\">\n\t\t\t\t<div class=\"elementor-widget-container\">\n\t\t\t<style>\/*! elementor - v3.7.8 - 02-10-2022 *\/\n.elementor-widget-text-editor.elementor-drop-cap-view-stacked .elementor-drop-cap{background-color:#818a91;color:#fff}.elementor-widget-text-editor.elementor-drop-cap-view-framed .elementor-drop-cap{color:#818a91;border:3px solid;background-color:transparent}.elementor-widget-text-editor:not(.elementor-drop-cap-view-default) .elementor-drop-cap{margin-top:8px}.elementor-widget-text-editor:not(.elementor-drop-cap-view-default) .elementor-drop-cap-letter{width:1em;height:1em}.elementor-widget-text-editor .elementor-drop-cap{float:left;text-align:center;line-height:1;font-size:50px}.elementor-widget-text-editor .elementor-drop-cap-letter{display:inline-block}<\/style>\t\t\t\t<p>Unsere dedicated High-End Xeon Server zeichnen sich durch ihre starken Leistungsmerkmale im Bereich der CPU und RAM aus. Die dedizierten High-End Xeon Root Server mit Hardware aus dem Hause Intel wurden<b> entwickelt um anspruchsvolle und ressourcenintensive Arbeitslasten zu verarbeiten<\/b> und gleichzeitig eine hohe Verf\u00fcgbarkeit zu gew\u00e4hren. Die High-End Xeon Server eignen sich hervorragend f\u00fcr die Erstellung von lastenintensiven Projekten, Cloud-Umgebungen oder virtualisierte Umgebungen.<\/p>\t\t\t\t\t\t<\/div>\n\t\t\t\t<\/div>\n\t\t\t\t\t<\/div>\n\t\t<\/div>\n\t\t\t\t\t\t\t<\/div>\n\t\t<\/section>\n\t\t\t\t<section class=\"elementor-section elementor-top-section elementor-element elementor-element-cfb95c6 elementor-section-boxed elementor-section-height-default elementor-section-height-default wpr-particle-no wpr-jarallax-no wpr-parallax-no wpr-sticky-section-no\" data-id=\"cfb95c6\" data-element_type=\"section\">\n\t\t\t\t\t\t<div class=\"elementor-container elementor-column-gap-default\">\n\t\t\t\t\t<div class=\"elementor-column elementor-col-33 elementor-top-column elementor-element elementor-element-9a667eb\" data-id=\"9a667eb\" data-element_type=\"column\">\n\t\t\t<div class=\"elementor-widget-wrap elementor-element-populated\">\n\t\t\t\t\t\t\t\t<div class=\"elementor-element elementor-element-d00e0ae elementor-widget elementor-widget-text-editor\" data-id=\"d00e0ae\" data-element_type=\"widget\" data-widget_type=\"text-editor.default\">\n\t\t\t\t<div class=\"elementor-widget-container\">\n\t\t\t\t\t\t\t<div class=\"item-product xeon2020\"><div class=\"item-top-title\"><h4 style=\"text-align: center;\"><span id=\"product257-name\">Intel Xeon Server S<\/span><\/h4><div class=\"product-desc\" style=\"text-align: center;\">Intel Xeon E-2136 (6 x 3,3 GHz)<br \/>32 GB DDR4 ECC<br \/>2x 2.000 GB HDD oder 2x 240GB SSD<\/div><\/div><div style=\"text-align: center;\">\u00a0<\/div><div style=\"text-align: center;\">Reverse-DNS Verwaltung per Interface<br \/>redundante Anbindung<br \/>redundante Router<br \/>USV Stromversorgung<\/div><div style=\"text-align: center;\">keine Setup-Geb\u00fchr<br \/>1x .de-Domain inklusive<\/div><\/div>\t\t\t\t\t\t<\/div>\n\t\t\t\t<\/div>\n\t\t\t\t\t<\/div>\n\t\t<\/div>\n\t\t\t\t<div class=\"elementor-column elementor-col-33 elementor-top-column elementor-element elementor-element-a2b62fc\" data-id=\"a2b62fc\" data-element_type=\"column\">\n\t\t\t<div class=\"elementor-widget-wrap elementor-element-populated\">\n\t\t\t\t\t\t\t\t<div class=\"elementor-element elementor-element-cd301ac elementor-widget elementor-widget-text-editor\" data-id=\"cd301ac\" data-element_type=\"widget\" data-widget_type=\"text-editor.default\">\n\t\t\t\t<div class=\"elementor-widget-container\">\n\t\t\t\t\t\t\t<div class=\"item-product xeon2020\"><div class=\"item-top-title\"><div class=\"item-product xeon2020\"><div class=\"item-top-title\"><h4 style=\"text-align: center;\"><span id=\"product258-name\">Intel Xeon Server M<\/span><\/h4><div class=\"product-desc\" style=\"text-align: center;\">Intel Xeon E-2186G (6 x 3,8 GHz)<br \/>32 GB DDR4 ECC<br \/>2x 2.000 GB HDD oder 2x 240GB SSD<\/div><div style=\"text-align: center;\">\u00a0<\/div><div style=\"text-align: center;\">Reverse-DNS Verwaltung per Interface<br \/>redundante Anbindung<br \/>redundante Router<br \/>USV Stromversorgung<\/div><div style=\"text-align: center;\">keine Setup-Geb\u00fchr<br \/>1x .de-Domain inklusive<\/div><\/div><\/div><\/div><\/div>\t\t\t\t\t\t<\/div>\n\t\t\t\t<\/div>\n\t\t\t\t\t<\/div>\n\t\t<\/div>\n\t\t\t\t<div class=\"elementor-column elementor-col-33 elementor-top-column elementor-element elementor-element-f08ea1c\" data-id=\"f08ea1c\" data-element_type=\"column\">\n\t\t\t<div class=\"elementor-widget-wrap elementor-element-populated\">\n\t\t\t\t\t\t\t\t<div class=\"elementor-element elementor-element-eef818c elementor-widget elementor-widget-text-editor\" data-id=\"eef818c\" data-element_type=\"widget\" data-widget_type=\"text-editor.default\">\n\t\t\t\t<div class=\"elementor-widget-container\">\n\t\t\t\t\t\t\t<div class=\"item-product xeon2020\"><div class=\"item-top-title\"><h4 style=\"text-align: center;\"><span id=\"product259-name\">Intel Xeon Server L<\/span><\/h4><div class=\"product-desc\" style=\"text-align: center;\">Intel Xeon Silver 4110 (8 x 2,1 GHz)<br \/>64 GB DDR4 ECC<br \/>2x 2.000 GB HDD oder 2x 240GB SSD<\/div><div style=\"text-align: center;\">\u00a0<\/div><div style=\"text-align: center;\">Reverse-DNS Verwaltung per Interface<br \/>redundante Anbindung<br \/>redundante Router<br \/>USV Stromversorgung<\/div><div style=\"text-align: center;\">keine Setup-Geb\u00fchr<br \/>1x .de-Domain inklusive<\/div><\/div><\/div>\t\t\t\t\t\t<\/div>\n\t\t\t\t<\/div>\n\t\t\t\t\t<\/div>\n\t\t<\/div>\n\t\t\t\t\t\t\t<\/div>\n\t\t<\/section>\n\t\t\t\t<section class=\"elementor-section elementor-top-section elementor-element elementor-element-4d28550 elementor-section-boxed elementor-section-height-default elementor-section-height-default wpr-particle-no wpr-jarallax-no wpr-parallax-no wpr-sticky-section-no\" data-id=\"4d28550\" data-element_type=\"section\">\n\t\t\t\t\t\t<div class=\"elementor-container elementor-column-gap-default\">\n\t\t\t\t\t<div class=\"elementor-column elementor-col-33 elementor-top-column elementor-element elementor-element-332d875\" data-id=\"332d875\" data-element_type=\"column\">\n\t\t\t<div class=\"elementor-widget-wrap elementor-element-populated\">\n\t\t\t\t\t\t\t\t<div class=\"elementor-element elementor-element-ab857b6 elementor-button-info elementor-align-center elementor-widget elementor-widget-button\" data-id=\"ab857b6\" data-element_type=\"widget\" data-widget_type=\"button.default\">\n\t\t\t\t<div class=\"elementor-widget-container\">\n\t\t\t\t\t<div class=\"elementor-button-wrapper\">\n\t\t\t<a href=\"https:\/\/www.all-domains.de\/store\/intel-xeon-server\/intel-xeon-server-s\" class=\"elementor-button-link elementor-button elementor-size-sm\" role=\"button\">\n\t\t\t\t\t\t<span class=\"elementor-button-content-wrapper\">\n\t\t\t\t\t\t<span class=\"elementor-button-text\">79,95 \u20ac \/ zur Bestellung<\/span>\n\t\t<\/span>\n\t\t\t\t\t<\/a>\n\t\t<\/div>\n\t\t\t\t<\/div>\n\t\t\t\t<\/div>\n\t\t\t\t\t<\/div>\n\t\t<\/div>\n\t\t\t\t<div class=\"elementor-column elementor-col-33 elementor-top-column elementor-element elementor-element-67484a9\" data-id=\"67484a9\" data-element_type=\"column\">\n\t\t\t<div class=\"elementor-widget-wrap elementor-element-populated\">\n\t\t\t\t\t\t\t\t<div class=\"elementor-element elementor-element-7e7ded2 elementor-button-info elementor-align-center elementor-widget elementor-widget-button\" data-id=\"7e7ded2\" data-element_type=\"widget\" data-widget_type=\"button.default\">\n\t\t\t\t<div class=\"elementor-widget-container\">\n\t\t\t\t\t<div class=\"elementor-button-wrapper\">\n\t\t\t<a href=\"https:\/\/www.all-domains.de\/store\/intel-xeon-server\/intel-xeon-server-m\" class=\"elementor-button-link elementor-button elementor-size-sm\" role=\"button\">\n\t\t\t\t\t\t<span class=\"elementor-button-content-wrapper\">\n\t\t\t\t\t\t<span class=\"elementor-button-text\">89,95 \u20ac \/ zur Bestellung<\/span>\n\t\t<\/span>\n\t\t\t\t\t<\/a>\n\t\t<\/div>\n\t\t\t\t<\/div>\n\t\t\t\t<\/div>\n\t\t\t\t\t<\/div>\n\t\t<\/div>\n\t\t\t\t<div class=\"elementor-column elementor-col-33 elementor-top-column elementor-element elementor-element-c8b3842\" data-id=\"c8b3842\" data-element_type=\"column\">\n\t\t\t<div class=\"elementor-widget-wrap elementor-element-populated\">\n\t\t\t\t\t\t\t\t<div class=\"elementor-element elementor-element-2007b5c elementor-button-info elementor-align-center elementor-widget elementor-widget-button\" data-id=\"2007b5c\" data-element_type=\"widget\" data-widget_type=\"button.default\">\n\t\t\t\t<div class=\"elementor-widget-container\">\n\t\t\t\t\t<div class=\"elementor-button-wrapper\">\n\t\t\t<a href=\"https:\/\/www.all-domains.de\/store\/intel-xeon-server\/intel-xeon-server-l\" class=\"elementor-button-link elementor-button elementor-size-sm\" role=\"button\">\n\t\t\t\t\t\t<span class=\"elementor-button-content-wrapper\">\n\t\t\t\t\t\t<span class=\"elementor-button-text\">139,95 \u20ac \/ zur Bestellung<\/span>\n\t\t<\/span>\n\t\t\t\t\t<\/a>\n\t\t<\/div>\n\t\t\t\t<\/div>\n\t\t\t\t<\/div>\n\t\t\t\t\t<\/div>\n\t\t<\/div>\n\t\t\t\t\t\t\t<\/div>\n\t\t<\/section>\n\t\t\t\t\t\t\t<\/div>\n\t\t","protected":false},"excerpt":{"rendered":"<p>Intel XEON Server Unsere dedicated High-End Xeon Server zeichnen sich durch ihre starken Leistungsmerkmale im Bereich der CPU und RAM aus. Die dedizierten High-End Xeon Root Server mit Hardware aus dem Hause Intel wurden entwickelt um anspruchsvolle und ressourcenintensive Arbeitslasten zu verarbeiten und gleichzeitig eine hohe Verf\u00fcgbarkeit zu gew\u00e4hren. Die High-End Xeon Server eignen sich [&hellip;]<\/p>\n","protected":false},"author":2,"featured_media":0,"parent":1308,"menu_order":0,"comment_status":"closed","ping_status":"closed","template":"elementor_header_footer","meta":{"footnotes":""},"_links":{"self":[{"href":"https:\/\/www.l-88.de\/index.php?rest_route=\/wp\/v2\/pages\/2494"}],"collection":[{"href":"https:\/\/www.l-88.de\/index.php?rest_route=\/wp\/v2\/pages"}],"about":[{"href":"https:\/\/www.l-88.de\/index.php?rest_route=\/wp\/v2\/types\/page"}],"author":[{"embeddable":true,"href":"https:\/\/www.l-88.de\/index.php?rest_route=\/wp\/v2\/users\/2"}],"replies":[{"embeddable":true,"href":"https:\/\/www.l-88.de\/index.php?rest_route=%2Fwp%2Fv2%2Fcomments&post=2494"}],"version-history":[{"count":22,"href":"https:\/\/www.l-88.de\/index.php?rest_route=\/wp\/v2\/pages\/2494\/revisions"}],"predecessor-version":[{"id":2589,"href":"https:\/\/www.l-88.de\/index.php?rest_route=\/wp\/v2\/pages\/2494\/revisions\/2589"}],"up":[{"embeddable":true,"href":"https:\/\/www.l-88.de\/index.php?rest_route=\/wp\/v2\/pages\/1308"}],"wp:attachment":[{"href":"https:\/\/www.l-88.de\/index.php?rest_route=%2Fwp%2Fv2%2Fmedia&parent=2494"}],"curies":[{"name":"wp","href":"https:\/\/api.w.org\/{rel}","templated":true}]}}